5). Calculate the highest common divisor of q and m.
12
Suppose 13314*g - 13608 = 13306*g. Calculate the highest common divisor of 3645 and g.
243
Let g be (-1 - -1 - -2) + -5 + -658. Let p = -337 - g. What is the highest common divisor of p and 81?
81
Let j = -16481 - -19978. Calculate the highest common factor of 1345 and j.
269
Let a = 135 + 27. Let u = 281 - a. What is the greatest common factor of u and 51?
17
Suppose -12*n + 434 = -3*n - 286. What is the highest common divisor of 4860 and n?
20
Let p = 467 + -390. Calculate the highest common divisor of p and 10087.
77
Let w be 138/15 + 2/(-10). Let f be 0 + -79 + 3 - 3. Let k = f - -151. Calculate the highest common factor of k and w.
9
Let c be 2*(-7)/(-10) - (-7 - 553716/135). What is the greatest common divisor of 60 and c?
30
Let p be ((-195)/(-4))/(42/336). Let j be ((-1)/3 + 5)*p/35. Let b be (2 + (-8)/3)*-195. Calculate the highest common divisor of j and b.
26
Let y = -398 - -1966. Calculate the greatest common divisor of y and 24.
8
Suppose -48*z + 200694 = -17*z. What is the greatest common factor of 78 and z?
78
Let v = -14903 - -20913. What is the greatest common factor of 20 and v?
10
Let q(h) = 48*h + 18. Suppose d - 23 = -4*n, -n - 3*d = -4*n + 6. Let g be q(n). What is the greatest common divisor of 6 and g?
6
Let t = 40 - 13. Let k(y) be the first derivative of -y**3/3 - 4*y**2 + 12*y - 111. Let z be k(-9). What is the highest common factor of z and t?
3
Suppose -r + 0 = -10. Let l be (0 - 30)*(-52)/12. Calculate the highest common factor of l and r.
10
Let i(h) = h**2 + 3*h - 4. Let n be i(-6). Suppose 8*o - 108 = 172. Calculate the highest common factor of o and n.
7
Let m(j) = -2*j**2 - 62*j + 99. Let t be m(-27). What is the highest common divisor of 120 and t?
15
Let z be 865 - 159/106*(-28)/6. Calculate the highest common divisor of z and 327.
109
Let g = -2079 - -2208. Calculate the greatest common divisor of 3483 and g.
129
Let g = 6961 + -6633. What is the highest common divisor of g and 3772?
164
Let a be 2805/90 + 3/54*-3. Calculate the highest common factor of 527 and a.
31
Suppose -7*u = 17*u - 33*u + 297. Let f be (0 + (-101)/2)*-4. Suppose -3*j + 994 - f = 0. Calculate the highest common divisor of u and j.
33
Let h be (-48 - -49)*(1 + 979). What is the highest common factor of 343 and h?
49
Let u = 184 - 189. Let j be -7 + (30 - 15/u). Calculate the greatest common divisor of j and 91.
13
Let f = -22 + 76. Suppose -8*r - f = -17*r. Calculate the highest common divisor of 21 and r.
3
Let f = -110 + 155. Suppose -94 = -37*b - 945. Let h = f + b. What is the greatest common divisor of 198 and h?
22
Let z(o) = o**2 + 3*o + 1. Let c = -2 + -1. Let h be z(c). Suppose -60*a + 49 = 34 - 105. Calculate the greatest common factor of a and h.
1
Suppose 4*u = -n + 73, 109*u - 5*n - 49 = 106*u. What is the greatest common factor of u and 507?
3
Let q = 42 + -122. Let r = 48 - q. Let g = 27 - 19. Calculate the highest common factor of g and r.
8
Let g(m) = -7*m**2 + 10*m + 304. Let z be g(0). Calculate the greatest common divisor of 144 and z.
16
Let h be (2/1 - 4) + (183 - -4). Calculate the greatest common factor of 37 and h.
37
Let f be -5 + (4/6 - (-18589)/(-87)). Let x be 8 - (f - -2 - 4). What is the greatest common divisor of 4 and x?
4
Let p = -168 - -172. Suppose 0 = 5*h + 3*f - 52, 0*f + 41 = p*h + 3*f. Calculate the greatest common factor of 11 and h.
11
Let k be 56 + -4 - (2 - -14)/(-4). Let q be 5/(-15) - (-50)/6. Calculate the greatest common factor of q and k.
8
Suppose -33*s + 20956 + 43834 - 15125 = 0. Calculate the greatest common factor of s and 35.
35
Let h(s) = -s**3 + 107*s**2 + 189*s + 3172. Let r be h(109). Suppose 4 = 3*p + 1. Calculate the highest common factor of r and p.
1
Suppose 4*t - 65 = -13. Let k be (-106)/t + (-8)/(-52). Let s be (-6)/k - ((-5862)/8)/3. What is the greatest common factor of 35 and s?
35
Let f be (-3)/(-12) - (3222/8)/(-9). Suppose 0 = -7*w + f + 67. Calculate the highest common divisor of w and 112.
16
Let f = -4603 - -4801. What is the highest common factor of f and 22?
22
Suppose -47 = -9*r + 52. Let v be (-60)/(1 + r) - (-51 + 1). What is the greatest common factor of v and 60?
15
Suppose -7*w = 7*w - 4*w - 1200. Calculate the greatest common factor of w and 585.
15
Suppose -2050*o + 1275638 = -1887*o. Calculate the highest common divisor of 14 and o.
14
Suppose -477 = 5*l + u, 3*u - 282 = 5*l + 207. Let c = -56 - l. Suppose -7*r + 46 = -10. Calculate the greatest common divisor of c and r.
8
Let f(l) = 515*l + 6983. Let x be f(6). What is the highest common factor of 7 and x?
7
Let q(t) = 512*t - 4556. Let z be q(9). Calculate the greatest common factor of z and 36.
4
Suppose 2*w + 8 = 2*a - 3*w, 0 = -2*w + 4. Let n = 13 - a. Let i = -19628 - -19672. Calculate the greatest common factor of i and n.
4
Let f = -1 + -13. Let l be ((-48)/56)/(3/f). Suppose -l*z + 184 = -4*t, z - t = -z + 94. What is the highest common factor of z and 6?
6
Let c(k) = -60*k**2 + 127*k**2 - 66*k**2 + 30 - 10*k. Let d be c(7). What is the greatest common factor of d and 1?
1
Suppose 5 = z - 6. Let h = -304 - -486. Suppose h = x + 2*i, i = -5*x - 0*x + 883. Calculate the highest common divisor of z and x.
11
Let k be ((-4)/(-10))/(14/35) - 22. Let i = 13 + k. Let q = 50 + i. What is the greatest common factor of 462 and q?
42
Let t(m) = 387*m - 1160. Let q be t(3). What is the greatest common divisor of 254 and q?
1
Let g = 9736 + -1591. Calculate the greatest common factor of g and 45.
45
Let r(q) = 3*q**2 - 15*q - 5. Let x be r(6). Suppose x*t - 45 = 7. Suppose -a - t = -58. What is the greatest common divisor of a and 6?
6
Suppose 67*z - 5084 = -20*z + 5*z. Calculate the greatest common factor of z and 3379.
31
Suppose 0 = 34*o - 28*o - 10044. Suppose 18*i - o = 12*i. Calculate the greatest common factor of 62 and i.
31
Let q = -49 + 41. Let k be 1/(25/q + 3). Let o be ((-26)/k)/((-2)/(-16)). What is the greatest common divisor of o and 65?
13
Let c(p) = 585*p + 13192. Let m be c(-7). Calculate the greatest common divisor of m and 22.
11
Let n(v) = 140*v + 166. Let j be n(4). Calculate the highest common divisor of j and 24.
6
Let x be ((-6300)/(-378))/(((-110)/(-36))/11). What is the highest common divisor of 2440 and x?
20
Suppose -c + t = -66, -3*c - 3*t - 61 = -283. Let z be (-4)/6*26865/(-90). Suppose 11 = 15*o - z. What is the greatest common factor of c and o?
14
Suppose 70 = -r - 3*c + 81, 5*c = -4*r + 72. Let o be 46 + 1 - (-2 - -3). Calculate the highest common divisor of r and o.
23
Let i = 220 - -406. Suppose 3*q + 2*k = 452, 0*q = 4*q - 2*k - i. Calculate the greatest common factor of 22 and q.
22
Suppose 9*r = -2*r + 143. Suppose -r*m + 1408 = 3*m. Let c be ((-44)/(-5))/(4/10). What is the greatest common factor of c and m?
22
Let w(f) = -6*f**3 + 3*f**2 + f. Let i be w(-2). Suppose -50 = -13*p + 14*p. Let k = p + i. What is the highest common factor of k and 8?
8
Let j = -9 - -8. Let u be (-35)/j - (2 + 0). Suppose 0 = -2*x - 192 + 236. What is the highest common factor of x and u?
11
Suppose -141*a = -1188*a + 2094. Let t be (-2)/11 + (-90)/(-11). What is the greatest common factor of t and a?
2
Let x be 150/(-4)*166/(-249). Let w(l) = -18*l + 149. Let a be w(8). Calculate the greatest common divisor of x and a.
5
Suppose 25*b + 48 - 274 = 2924. Calculate the highest common factor of 1449 and b.
63
Suppose 913*l - 914*l + 2829 = 4*o, -o + l = -706. Calculate the highest common divisor of 84 and o.
7
Let c = 1319 + -1867. Let d = c + 1289. What is the greatest common divisor of 114 and d?
57
Let u be (0 - -25) + 0 + 0. Let i(v) = 12*v - 302. Let w be i(26). What is the greatest common divisor of u and w?
5
Let x(h) = -h**3 + 3*h**2 - 19*h + 13608. Let a be x(0). What is the highest common divisor of 168 and a?
168
Let k be 422/4*2 + 2 + 3. Suppose 267*i + 432 = 275*i. Calculate the highest common divisor of i and k.
54
Suppose 3*k - 150 = t, 3*k = 19279*t - 19281*t + 159. Suppose -93 = -3*i - 5*y + 310, -4*i = -4*y - 548. Calculate the greatest common factor of i and k.
17
Suppose 306 - 330 = -8*w. Let n(a) = -a**3 + 6*a**2 - 6*a + 2. Let b be n(5). Let l be (-1 + b)*2/(-4). What is the greatest common factor of l a